{"id":9,"date":"2013-04-29T13:14:52","date_gmt":"2013-04-29T10:14:52","guid":{"rendered":"http:\/\/www.luumaenyrittajat.fi\/w\/?page_id=9"},"modified":"2022-01-25T11:45:05","modified_gmt":"2022-01-25T09:45:05","slug":"liity-jaseneksi","status":"publish","type":"page","link":"https:\/\/www.luumaenyrittajat.fi\/w\/liity-jaseneksi\/","title":{"rendered":"Liity J\u00e4seneksi"},"content":{"rendered":"<p><!--?xml version=\"1.0\" encoding=\"UTF-8\" standalone=\"no\"?--><\/p>\n<h2>Liity j\u00e4seneksi Luum\u00e4en Yritt\u00e4j\u00e4yhdistykseen<\/h2>\n<p>Liittym\u00e4ll\u00e4 Luum\u00e4en Yritt\u00e4jiin liityt samalla my\u00f6s Etel\u00e4-Karjalan Yritt\u00e4jiin sek\u00e4 Suomen Yritt\u00e4jiin. Saat yritt\u00e4j\u00e4n\u00e4 siis kaikkien n\u00e4iden kolmen yhdistyksen tarjoamat edut ja verkoston tuen k\u00e4ytt\u00f6\u00f6si.<\/p>\n<p>J\u00e4seneksi voit liitty\u00e4 Suomen Yritt\u00e4jien nettisivuilla <a href=\"http:\/\/www.yrittajat.fi\/\">www.yrittajat.fi<\/a>.<\/p>\n<h2>Lis\u00e4tietoja ja liittyminen<\/h2>\n<p>Suomen Yritt\u00e4jien neuvontapuhelin j\u00e4senille:\u00a0<strong>(09) 229 221<\/strong><\/p>\n<ul>\n<li><a href=\"http:\/\/www.yrittajat.fi\/fi-FI\/liityjaseneksi\/\">\u00bb Liity j\u00e4seneksi<\/a><\/li>\n<\/ul>\n<p>&nbsp;<\/p>\n","protected":false},"excerpt":{"rendered":"<p>Liity j\u00e4seneksi Luum\u00e4en Yritt\u00e4j\u00e4yhdistykseen Liittym\u00e4ll\u00e4 Luum\u00e4en Yritt\u00e4jiin liityt samalla my\u00f6s Etel\u00e4-Karjalan Yritt\u00e4jiin sek\u00e4 Suomen Yritt\u00e4jiin. Saat yritt\u00e4j\u00e4n\u00e4 siis kaikkien n\u00e4iden kolmen yhdistyksen tarjoamat edut ja verkoston tuen k\u00e4ytt\u00f6\u00f6si. J\u00e4seneksi voit liitty\u00e4 Suomen Yritt\u00e4jien nettisivuilla www.yrittajat.fi. Lis\u00e4tietoja ja liittyminen Suomen Yritt\u00e4jien neuvontapuhelin j\u00e4senille:\u00a0(09) 229 221 \u00bb Liity j\u00e4seneksi &nbsp;<\/p>\n","protected":false},"author":2,"featured_media":149,"parent":0,"menu_order":5,"comment_status":"closed","ping_status":"closed","template":"","meta":{"_kad_blocks_custom_css":"","_kad_blocks_head_custom_js":"","_kad_blocks_body_custom_js":"","_kad_blocks_footer_custom_js":"","_kad_post_transparent":"","_kad_post_title":"","_kad_post_layout":"","_kad_post_sidebar_id":"","_kad_post_content_style":"","_kad_post_vertical_padding":"","_kad_post_feature":"","_kad_post_feature_position":"","_kad_post_header":false,"_kad_post_footer":false,"_kad_post_classname":"","footnotes":""},"class_list":["post-9","page","type-page","status-publish","has-post-thumbnail","hentry"],"taxonomy_info":[],"featured_image_src_large":false,"author_info":{"display_name":"hallinta","author_link":"https:\/\/www.luumaenyrittajat.fi\/w\/author\/hallinta\/"},"comment_info":0,"_links":{"self":[{"href":"https:\/\/www.luumaenyrittajat.fi\/w\/wp-json\/wp\/v2\/pages\/9","targetHints":{"allow":["GET"]}}],"collection":[{"href":"https:\/\/www.luumaenyrittajat.fi\/w\/wp-json\/wp\/v2\/pages"}],"about":[{"href":"https:\/\/www.luumaenyrittajat.fi\/w\/wp-json\/wp\/v2\/types\/page"}],"author":[{"embeddable":true,"href":"https:\/\/www.luumaenyrittajat.fi\/w\/wp-json\/wp\/v2\/users\/2"}],"replies":[{"embeddable":true,"href":"https:\/\/www.luumaenyrittajat.fi\/w\/wp-json\/wp\/v2\/comments?post=9"}],"version-history":[{"count":7,"href":"https:\/\/www.luumaenyrittajat.fi\/w\/wp-json\/wp\/v2\/pages\/9\/revisions"}],"predecessor-version":[{"id":146,"href":"https:\/\/www.luumaenyrittajat.fi\/w\/wp-json\/wp\/v2\/pages\/9\/revisions\/146"}],"wp:featuredmedia":[{"embeddable":true,"href":"https:\/\/www.luumaenyrittajat.fi\/w\/wp-json\/"}],"wp:attachment":[{"href":"https:\/\/www.luumaenyrittajat.fi\/w\/wp-json\/wp\/v2\/media?parent=9"}],"curies":[{"name":"wp","href":"https:\/\/api.w.org\/{rel}","templated":true}]}}